e prime factors of 6249081.
3, 17, 19, 6449
What are the prime factors of 2968616?
2, 7, 7573
What are the prime factors of 9617600?
2, 5, 6011
List the prime factors of 22332337.
22332337
List the prime factors of 13881170.
2, 5, 1388117
List the prime factors of 126655.
5, 73, 347
List the prime factors of 500445.
3, 5, 11, 337
What are the prime factors of 8411161?
11, 97, 7883
What are the prime factors of 29267369?
29267369
What are the prime factors of 14675779?
311, 47189
List the prime factors of 121281.
3, 40427
List the prime factors of 684558.
2, 3, 7, 1811
What are the prime factors of 60747?
3, 20249
List the prime factors of 279118.
2, 7, 19937
What are the prime factors of 31556992?
2, 246539
List the prime factors of 3305633.
17, 337, 577
What are the prime factors of 26379917?
79, 333923
List the prime factors of 14492701.
59, 245639
What are the prime factors of 530137?
530137
List the prime factors of 873038.
2, 113, 3863
List the prime factors of 370102.
2, 185051
List the prime factors of 4705049.
4705049
List the prime factors of 5428145.
5, 419, 2591
List the prime factors of 7005943.
7, 1000849
What are the prime factors of 119367?
3, 4421
What are the prime factors of 45818?
2, 31, 739
What are the prime factors of 320537?
7, 29, 1579
What are the prime factors of 993839?
7, 11, 12907
List the prime factors of 1599644.
2, 399911
List the prime factors of 151515.
3, 5, 7, 13, 37
List the prime factors of 5374.
2, 2687
What are the prime factors of 1041265?
5, 208253
List the prime factors of 80716.
2, 17, 1187
List the prime factors of 4797726.
2, 3, 799621
What are the prime factors of 113322?
2, 3, 11, 17, 101
What are the prime factors of 14832080?
2, 5, 185401
What are the prime factors of 588735?
3, 5, 7, 89
What are the prime factors of 227542?
2, 7, 16253
What are the prime factors of 4995766?
2, 59, 42337
What are the prime factors of 4258895?
5, 317, 2687
List the prime factors of 1165398.
2, 3, 13, 67, 223
List the prime factors of 3180203.
13, 223, 1097
List the prime factors of 6758637.
3, 199, 11321
List the prime factors of 1605807.
3, 7, 71, 359
What are the prime factors of 23374253?
7, 3339179
What are the prime factors of 367590?
2, 3, 5, 12253
List the prime factors of 11206453.
11206453
List the prime factors of 9216300.
2, 3, 5, 31, 991
List the prime factors of 82480.
2, 5, 1031
What are the prime factors of 17797961?
17797961
List the prime factors of 3674348.
2, 918587
What are the prime factors of 4534852?
2, 7, 17, 1361
List the prime factors of 316051.
316051
List the prime factors of 63829.
29, 31, 71
List the prime factors of 4953136.
2, 309571
List the prime factors of 3856929.
3, 181, 7103
What are the prime factors of 119893?
113, 1061
List the prime factors of 1204402.
2, 602201
List the prime factors of 1418903.
251, 5653
What are the prime factors of 1149436?
2, 113, 2543
List the prime factors of 2491431.
3, 830477
List the prime factors of 41370222.
2, 3, 67, 102911
What are the prime factors of 562644?
2, 3, 15629
What are the prime factors of 396111?
3, 29, 157
What are the prime factors of 4237361?
19, 223019
List the prime factors of 6499832.
2, 31, 26209
What are the prime factors of 177867?
3, 19763
What are the prime factors of 1864111?
1864111
What are the prime factors of 12301127?
12301127
List the prime factors of 4622924.
2, 577, 2003
List the prime factors of 751040.
2, 5, 2347
List the prime factors of 6550066.
2, 17, 383, 503
What are the prime factors of 3816017?
19, 200843
What are the prime factors of 8265422?
2, 11, 157, 2393
What are the prime factors of 202133?
131, 1543
List the prime factors of 97343.
311, 313
What are the prime factors of 29269534?
2, 7, 2090681
List the prime factors of 203930.
2, 5, 20393
List the prime factors of 486428.
2, 121607
What are the prime factors of 9304596?
2, 3, 7, 36923
List the prime factors of 133243.
11, 12113
What are the prime factors of 42814?
2, 21407
What are the prime factors of 8645525?
5, 7, 127, 389
What are the prime factors of 19566512?
2, 7, 41, 4261
List the prime factors of 2535046.
2, 887, 1429
What are the prime factors of 4687076?
2, 31, 37799
What are the prime factors of 1095119?
1095119
List the prime factors of 245046.
2, 3, 40841
List the prime factors of 4692881.
67, 89, 787
What are the prime factors of 40945?
5, 19, 431
List the prime factors of 167551.
137, 1223
List the prime factors of 1210068.
2, 3, 33613
What are the prime factors of 379701?
3, 7, 41
List the prime factors of 3236009.
7, 66041
List the prime factors of 1589179.
19, 83641
What are the prime factors of 49987?
7, 37, 193
What are the prime factors of 172775?
5, 6911
What are the prime factors of 255092?
2, 63773
List the prime factors of 1690299.
3, 13, 14447
List the prime factors of 253936.
2, 59, 269
What are the prime factors of 1769784?
2, 3, 37, 1993
What are the prime factors of 9725592?
2, 3, 311, 1303
What are the prime factors of 698632?
2, 11, 17, 467
List the prime factors of 10093727.
7, 109, 13229
List the prime factors of 3259753.
7, 465679
What are the prime factors of 816855?
3, 5, 13, 59, 71
List the prime factors of 7323.
3, 2441
What are the prime factors of 5272559?
41, 128599
List the prime factors of 33774.
2, 3, 13, 433
List the prime factors of 711738.
2, 3, 39541
List the prime factors of 233044.
2, 7, 29, 41
What are the prime factors of 31574?
2, 15787
List the prime factors of 2602297.
19, 136963
List the prime factors of 11298525.
3, 5, 7, 21521
List the prime factors of 10316844.
2, 3, 179, 1601
What are the prime factors of 51127?
29, 41, 43
What are the prime factors of 14884605?
3, 5, 17, 19457
What are the prime factors of 64055?
5, 23, 557
List the prime factors of 4238527.
139, 30493
List the prime factors of 1381637.
1381637
List the prime factors of 6123494.
2, 13, 235519
What are the prime factors of 6527305?
5, 61, 21401
What are the prime factors of 1061530?
2, 5, 19, 37, 151
List the prime factors of 6435427.
173, 37199
List the prime factors of 538415.
5, 257, 419
List the prime factors of 6996530.
2, 5, 43, 53, 307
List the prime factors of 8198142.
2, 3, 607, 2251
List the prime factors of 23685.
3, 5, 1579
List the prime factors of 6367152.
2, 3, 11, 31, 389
List the prime factors of 126062.
2, 63031
What are the prime factors of 11321877?
3, 7, 47, 11471
List the prime factors of 14222635.
5, 7, 406361
List the prime factors of 690464.
2, 21577
What are the prime factors of 3153471?
3, 1051157
What are the prime factors of 150081?
3, 19, 2633
List the prime factors of 17346383.
17346383
What are the prime factors of 4388471?
733, 5987
List the prime factors of 6456416.
2, 89, 2267
What are the prime factors of 35563858?
2, 11, 19, 85081
What are the prime factors of 917654?
2, 23, 19949
List the prime factors of 986268.
2, 3, 82189
List the prime factors of 7274416.
2, 19, 23929
What are the prime factors of 103524?
2, 3, 8627
List the prime factors of 431168.
2, 6737
List the prime factors of 1528200.
2, 3, 5, 283
What are the prime factors of 342882?
2, 3, 43, 443
List the prime factors of 9123346.
2, 569, 8017
List the prime factors of 357329.
7, 51047
List the prime factors of 23097260.
2, 5, 1154863
What are the prime factors of 3289967?
3289967
What are the prime factors of 49447?
197, 251
List the prime factors of 102384.
2, 3, 79
What are the prime factors of 12988967?
43, 47, 6427
List the prime factors of 9774729.
3, 362027
What are the prime factors of 21472709?
2039, 10531
What are the prime factors of 7236515?
5, 11, 13, 29, 349
What are the prime factors of 677293?
19, 43, 829
What are the prime factors of 6174329?
7, 882047
List the prime factors of 10409604.
2, 3, 867467
List the prime factors of 7639052.
2, 17, 112339
What are the prime factors of 837640?
2, 5, 43, 487
What are the prime factors of 214818?
2, 3, 35803
What are the prime factors of 1864671?
3, 29, 21433
What are the prime factors of 6571557?
3, 243391
List the prime factors of 79124.
2, 131, 151
List the prime factors of 886163.
886163
List the prime factors of 215464.
2, 23, 1171
List the prime factors of 184252.
2, 73, 631
What are the prime factors of 127395?
3, 5, 19, 149
What are the prime f